{"id":56,"date":"2018-06-04T10:36:32","date_gmt":"2018-06-04T10:36:32","guid":{"rendered":"http:\/\/bancas.ase.ro\/?page_id=56"},"modified":"2026-04-27T11:41:56","modified_gmt":"2026-04-27T11:41:56","slug":"disertatie","status":"publish","type":"page","link":"http:\/\/bancas.ase.ro\/index.php\/disertatie\/","title":{"rendered":"Disertatie"},"content":{"rendered":"<p>Pentru informa\u021bii detaliate privind temele propuse de profesori \u0219i termenele de realizare a lucr\u0103rii de diserta\u021bie, v\u0103 rug\u0103m s\u0103 consulta\u021bi site-ul oficial al facult\u0103\u021bii: <a class=\"\" href=\"http:\/\/fabbv.ase.ro\" target=\"_new\" rel=\"noopener\" data-start=\"224\" data-end=\"259\">fabbv.ase.ro<\/a>.<\/p>\n<p>\u00cen cadrul programului de masterat\u00a0<strong data-start=\"247\" data-end=\"257\">BANCAS<\/strong>, performan\u021ba este recunoscut\u0103 \u0219i \u00eencurajat\u0103 printr-un sistem generos de\u00a0<strong data-start=\"330\" data-end=\"349\">burse \u0219i premii<\/strong>, acordate de c\u0103tre b\u0103ncile \u0219i firmele de consultan\u021b\u0103 partenere, suplimentar fa\u021b\u0103 de bursele obi\u0219nuite oferite de Academia de Studii Economice din Bucure\u0219ti.<\/p>\n<h3 data-start=\"753\" data-end=\"810\"><strong data-start=\"756\" data-end=\"810\">Premii pentru cele mai bune lucr\u0103ri de diserta\u021bie:<\/strong><\/h3>\n<ul data-start=\"812\" data-end=\"913\">\n<li data-start=\"812\" data-end=\"844\">\n<p data-start=\"814\" data-end=\"844\"><strong data-start=\"817\" data-end=\"830\">Premiul I<\/strong>\u00a0\u2013 5.000 lei<\/p>\n<\/li>\n<li data-start=\"845\" data-end=\"878\">\n<p data-start=\"847\" data-end=\"878\"><strong data-start=\"850\" data-end=\"864\">Premiul II<\/strong>\u00a0\u2013 3.000 lei<\/p>\n<\/li>\n<li data-start=\"879\" data-end=\"913\">\n<p data-start=\"881\" data-end=\"913\"><strong data-start=\"884\" data-end=\"899\">Premiul III<\/strong>\u00a0\u2013 2.000 lei<\/p>\n<\/li>\n<\/ul>\n","protected":false},"excerpt":{"rendered":"<div class=\"mh-excerpt\"><p>Pentru informa\u021bii detaliate privind temele propuse de profesori \u0219i termenele de realizare a lucr\u0103rii de diserta\u021bie, v\u0103 rug\u0103m s\u0103 consulta\u021bi site-ul oficial al facult\u0103\u021bii: fabbv.ase.ro. <a class=\"mh-excerpt-more\" href=\"http:\/\/bancas.ase.ro\/index.php\/disertatie\/\" title=\"Disertatie\">[&#8230;]<\/a><\/p>\n<\/div>","protected":false},"author":1,"featured_media":0,"parent":0,"menu_order":0,"comment_status":"closed","ping_status":"closed","template":"","meta":{"footnotes":""},"class_list":["post-56","page","type-page","status-publish","hentry"],"_links":{"self":[{"href":"http:\/\/bancas.ase.ro\/index.php\/wp-json\/wp\/v2\/pages\/56","targetHints":{"allow":["GET"]}}],"collection":[{"href":"http:\/\/bancas.ase.ro\/index.php\/wp-json\/wp\/v2\/pages"}],"about":[{"href":"http:\/\/bancas.ase.ro\/index.php\/wp-json\/wp\/v2\/types\/page"}],"author":[{"embeddable":true,"href":"http:\/\/bancas.ase.ro\/index.php\/wp-json\/wp\/v2\/users\/1"}],"replies":[{"embeddable":true,"href":"http:\/\/bancas.ase.ro\/index.php\/wp-json\/wp\/v2\/comments?post=56"}],"version-history":[{"count":5,"href":"http:\/\/bancas.ase.ro\/index.php\/wp-json\/wp\/v2\/pages\/56\/revisions"}],"predecessor-version":[{"id":504,"href":"http:\/\/bancas.ase.ro\/index.php\/wp-json\/wp\/v2\/pages\/56\/revisions\/504"}],"wp:attachment":[{"href":"http:\/\/bancas.ase.ro\/index.php\/wp-json\/wp\/v2\/media?parent=56"}],"curies":[{"name":"wp","href":"https:\/\/api.w.org\/{rel}","templated":true}]}}