{"id":386,"date":"2025-06-12T13:57:57","date_gmt":"2025-06-12T13:57:57","guid":{"rendered":"https:\/\/bancas.ase.ro\/?page_id=386"},"modified":"2026-03-20T11:57:16","modified_gmt":"2026-03-20T11:57:16","slug":"testimoniale","status":"publish","type":"page","link":"http:\/\/bancas.ase.ro\/index.php\/testimoniale\/","title":{"rendered":"Testimoniale"},"content":{"rendered":"\n\n\n<div style=\"width: 1920px;\" class=\"wp-video\"><video class=\"wp-video-shortcode\" id=\"video-386-1\" width=\"1920\" height=\"1080\" preload=\"metadata\" controls=\"controls\"><source type=\"video\/mp4\" src=\"http:\/\/bancas.ase.ro\/wp-content\/uploads\/2026\/03\/Test_Andrei_nou.mp4?_=1\" \/><a href=\"http:\/\/bancas.ase.ro\/wp-content\/uploads\/2026\/03\/Test_Andrei_nou.mp4\">http:\/\/bancas.ase.ro\/wp-content\/uploads\/2026\/03\/Test_Andrei_nou.mp4<\/a><\/video><\/div>\n<p style=\"text-align: center;\"><strong><em>Andrei Dumitru, student anul I, BANCAS<\/em><\/strong><\/p>\n<div style=\"width: 1920px;\" class=\"wp-video\"><video class=\"wp-video-shortcode\" id=\"video-386-2\" width=\"1920\" height=\"1080\" preload=\"metadata\" controls=\"controls\"><source type=\"video\/mp4\" src=\"http:\/\/bancas.ase.ro\/wp-content\/uploads\/2026\/03\/Test_Robert.mp4?_=2\" \/><a href=\"http:\/\/bancas.ase.ro\/wp-content\/uploads\/2026\/03\/Test_Robert.mp4\">http:\/\/bancas.ase.ro\/wp-content\/uploads\/2026\/03\/Test_Robert.mp4<\/a><\/video><\/div>\n<p style=\"text-align: center;\"><strong><em>Robert Ve\u0219tea, student anul I, BANCAS<\/em><\/strong><\/p>\n<div style=\"width: 1920px;\" class=\"wp-video\"><video class=\"wp-video-shortcode\" id=\"video-386-3\" width=\"1920\" height=\"1080\" preload=\"metadata\" controls=\"controls\"><source type=\"video\/mp4\" src=\"http:\/\/bancas.ase.ro\/wp-content\/uploads\/2026\/03\/Test_Alexandra.mp4?_=3\" \/><a href=\"http:\/\/bancas.ase.ro\/wp-content\/uploads\/2026\/03\/Test_Alexandra.mp4\">http:\/\/bancas.ase.ro\/wp-content\/uploads\/2026\/03\/Test_Alexandra.mp4<\/a><\/video><\/div>\n<p style=\"text-align: center;\"><strong><em>Alexandra Timi\u0219, student\u0103 anul I, BANCAS<\/em><\/strong><\/p>\n<div style=\"width: 1920px;\" class=\"wp-video\"><video class=\"wp-video-shortcode\" id=\"video-386-4\" width=\"1920\" height=\"1080\" preload=\"metadata\" controls=\"controls\"><source type=\"video\/mp4\" src=\"http:\/\/bancas.ase.ro\/wp-content\/uploads\/2026\/03\/Test_Alex-Corlea.mp4?_=4\" \/><a href=\"http:\/\/bancas.ase.ro\/wp-content\/uploads\/2026\/03\/Test_Alex-Corlea.mp4\">http:\/\/bancas.ase.ro\/wp-content\/uploads\/2026\/03\/Test_Alex-Corlea.mp4<\/a><\/video><\/div>\n<p style=\"text-align: center;\"><strong><em>Alexandru Corlea, student anul I, BANCAS<\/em><\/strong><\/p>\n<div style=\"width: 1920px;\" class=\"wp-video\"><video class=\"wp-video-shortcode\" id=\"video-386-5\" width=\"1920\" height=\"1080\" preload=\"metadata\" controls=\"controls\"><source type=\"video\/mp4\" src=\"http:\/\/bancas.ase.ro\/wp-content\/uploads\/2026\/03\/Test_Alexandra-Dobrin.mp4?_=5\" \/><a href=\"http:\/\/bancas.ase.ro\/wp-content\/uploads\/2026\/03\/Test_Alexandra-Dobrin.mp4\">http:\/\/bancas.ase.ro\/wp-content\/uploads\/2026\/03\/Test_Alexandra-Dobrin.mp4<\/a><\/video><\/div>\n<p style=\"text-align: center;\"><strong><em>Alexandra Dobrin, student\u0103 anul I, BANCAS<\/em><\/strong><\/p>\n<p><em>\u201cCa proasp\u0103t absolvent\u0103 a programului de masterat BANCAS, pot spune c\u0103 aceast\u0103 experien\u021b\u0103 academic\u0103 mi-a oferit nu doar o \u00een\u021belegere aprofundat\u0103 a activit\u0103\u021bii b\u0103ncii centrale, dar \u0219i ocazia de a \u00eenv\u0103\u021ba de la colegi extrem de bine preg\u0103ti\u021bi \u0219i invita\u021bi renumi\u021bi din sectorul bancar. Am \u00eenceput activitatea \u00een BNR \u00een cadrul Direc\u021biei stabilitate financiar\u0103 cu pu\u021bin timp \u00eenainte de a \u00eencepe studiile de master, iar participarea la acest program mi-a oferit o perspectiv\u0103 detaliat\u0103 asupra activit\u0103\u021bii unor direc\u021bii de specialitate din banc\u0103. De asemenea, am avut oportunitatea de a studia materii inovative, \u00een cadrul c\u0103rora au fost explorate Python \u0219i Machine Learning sau Modelarea cerin\u021belor de capital \u0219i provizioane, subiecte care nu sunt \u00eent\u00e2lnite des \u00een planul de \u00eenv\u0103\u021b\u0103m\u00e2nt programelor de masterat. Recomand acest program tuturor colegilor din BNR care doresc s\u0103 se perfec\u021bioneze \u0219i s\u0103 \u00eenve\u021be de la profesioni\u0219ti de top din institu\u021bia noastr\u0103.\u201d<\/em><\/p>\n<p style=\"text-align: center;\"><img loading=\"lazy\" decoding=\"async\" class=\"wp-image-391 aligncenter\" src=\"http:\/\/bancas.ase.ro\/wp-content\/uploads\/2025\/06\/stefania20stancu_LThumb.jpg\" alt=\"\" width=\"187\" height=\"223\" \/>\u00a0 \u00a0 \u00a0 <strong><em>\u0218<strong>t<\/strong>efania Stancu, economist, Direc\u021bia stabilitate financiar\u0103<\/em><\/strong><\/p>\n<p>\u00a0<\/p>\n<p><em>\u201c<\/em><em>Am \u00eenceput activitatea \u00een cadrul Direc\u021biei Reglementare \u0219i autorizare la c\u00e2teva luni dup\u0103 \u00eenscrierea la programul de master BANCAS, neav\u00e2nd experien\u021b\u0103 profesional\u0103 anterioar\u0103 \u00een domeniul bancar. Pentru debutul meu, rolul BANCAS a fost decisiv prin c\u00e2teva elemente importante. \u00cen primul r\u00e2nd, am avut acces nemijlocit la expertiz\u0103 din activitatea b\u0103ncii centrale, deoarece disciplinele programului sunt predate, \u00een mare parte, de profesioni\u0219ti din BNR. Astfel, am \u00eenv\u0103\u021bat relativ rapid multe concepte noi, indispensabile la serviciu (dar \u0219i \u00een sesiunea de examene). Str\u00e2ns legat de acest prim element, disciplinele de la programul BANCAS m-au preg\u0103tit s\u0103 \u00een\u021beleg provoc\u0103ri contemporane (!) ale b\u0103ncilor centrale \u0219i comerciale \u2013 a\u0219 men\u021biona aici, de exemplu, integrarea modelelor bazate pe inteligen\u021b\u0103 artificial\u0103 \u00een activitatea bancar\u0103. Programa nu s-a limitat la prezent\u0103ri \u0219i dezbateri conceptuale, ci a mers p\u00e2n\u0103 la m\u0103 \u00eenv\u0103\u021ba s\u0103 utilizez limbaje de programare (Python, R) sau algoritmi de machine learning, mai ales c\u0103, ast\u0103zi, deciziile personale, de afaceri \u0219i de politic\u0103 se iau, de multe ori, pe baza unui volum vast de informa\u021bii. \u00cen ansamblu, preocuparea &#8211; la modul cel mai concret \u2013 pentru preg\u0103tirea de viitori profesioni\u0219ti \u00een domeniul bancar aduce un mare avantaj studentului. Recomand f\u0103r\u0103 rezerve programul de master BANCAS.\u201d<\/em><\/p>\n<p style=\"text-align: center;\"><em><strong>Andrei P\u0103un, referent de specialitate, Direc\u021bia reglementare \u0219i autorizare<\/strong><\/em><\/p>\n<p>\u00a0<\/p>\n<p><em>\u201c<\/em><em>Succint, pentru mine BANCAS a adus o \u00een\u021belegere mai acoperitoare \u0219i mai ad\u00e2nc\u0103 de banking aplicat. Eu am finalizat studiile universitare cu ceva timp \u00een urm\u0103, am lucrat \u00een dou\u0103 b\u0103nci comerciale \u0219i am sus\u021binut admiterea la acest program de master \u00een ideea de a-mi ridica nivelul de cunoa\u0219tere \u00een acord cu realitatea curent\u0103 din domeniu specific. Am absolvit cu mari satisfac\u021bii \u0219i cu o mul\u021bumire mult peste a\u0219tept\u0103rile mele. Calitatea actului academic, modul \u00een care a fost g\u00e2ndit\u0103 programa \u0219i stabilite disciplinele de studiu, implicarea profesorilor \u0219i a cadrelor didactice asociate, nivelul \u00eenalt al invita\u021bilor la conferin\u021be au adus pentru mine maximum de valoare ad\u0103ugat\u0103 ce poate fi extras\u0103 dintr-un astfel de program. \u201d<\/em><\/p>\n<p><img loading=\"lazy\" decoding=\"async\" class=\"wp-image-392 aligncenter\" src=\"http:\/\/bancas.ase.ro\/wp-content\/uploads\/2025\/06\/cristian20magheru_LThumb.jpg\" alt=\"\" width=\"203\" height=\"216\" \/><\/p>\n<p style=\"text-align: center;\"><strong><em>Cristian Magheru, referent de specialitate, Sucursala Regional\u0103 Bucure\u0219ti<\/em><\/strong><\/p>\n<p>\u00a0<\/p>\n","protected":false},"excerpt":{"rendered":"<div class=\"mh-excerpt\"><p>Andrei Dumitru, student anul I, BANCAS Robert Ve\u0219tea, student anul I, BANCAS Alexandra Timi\u0219, student\u0103 anul I, BANCAS Alexandru Corlea, student anul I, BANCAS Alexandra <a class=\"mh-excerpt-more\" href=\"http:\/\/bancas.ase.ro\/index.php\/testimoniale\/\" title=\"Testimoniale\">[&#8230;]<\/a><\/p>\n<\/div>","protected":false},"author":6,"featured_media":0,"parent":0,"menu_order":0,"comment_status":"closed","ping_status":"closed","template":"","meta":{"footnotes":""},"class_list":["post-386","page","type-page","status-publish","hentry"],"_links":{"self":[{"href":"http:\/\/bancas.ase.ro\/index.php\/wp-json\/wp\/v2\/pages\/386","targetHints":{"allow":["GET"]}}],"collection":[{"href":"http:\/\/bancas.ase.ro\/index.php\/wp-json\/wp\/v2\/pages"}],"about":[{"href":"http:\/\/bancas.ase.ro\/index.php\/wp-json\/wp\/v2\/types\/page"}],"author":[{"embeddable":true,"href":"http:\/\/bancas.ase.ro\/index.php\/wp-json\/wp\/v2\/users\/6"}],"replies":[{"embeddable":true,"href":"http:\/\/bancas.ase.ro\/index.php\/wp-json\/wp\/v2\/comments?post=386"}],"version-history":[{"count":21,"href":"http:\/\/bancas.ase.ro\/index.php\/wp-json\/wp\/v2\/pages\/386\/revisions"}],"predecessor-version":[{"id":494,"href":"http:\/\/bancas.ase.ro\/index.php\/wp-json\/wp\/v2\/pages\/386\/revisions\/494"}],"wp:attachment":[{"href":"http:\/\/bancas.ase.ro\/index.php\/wp-json\/wp\/v2\/media?parent=386"}],"curies":[{"name":"wp","href":"https:\/\/api.w.org\/{rel}","templated":true}]}}